t c be v(3). Calculate the highest common divisor of 7 and c.
7
Suppose 4 = -4*t, -3*w - w + 5*t = -469. Calculate the greatest common factor of w and 58.
58
Suppose -9 + 3 = -m. Let j(h) = h**2 - 5*h - 5. Let c be j(m). What is the highest common factor of 5 and c?
1
Let n be (-10)/(13/(-11) - -1). Let r be ((-8)/10)/((-1)/15). Let s be r - (-1 + 0)/(-1). What is the greatest common factor of n and s?
11
Let n(w) = -10*w + 6. Let u be n(-11). Suppose 60 + u = 4*b + 3*t, t = 5*b - 220. What is the highest common factor of b and 4?
4
Let u(l) = l**2 + l + 3. Let z be u(-3). Let b = z + -2. Let a(q) = 2*q - 7. Let g be a(b). What is the greatest common divisor of 1 and g?
1
Let x(u) = u**3 + 9*u**2 - u - 3. Let h be x(-7). Calculate the highest common divisor of h and 34.
34
Let y(s) = 6*s**2 + 13*s - 28. Let a be y(5). What is the greatest common factor of a and 17?
17
Let i = 128 + -118. What is the greatest common divisor of i and 15?
5
Suppose 3*r - 414 = -0*r. Suppose 3*v = -0*v + r. Calculate the highest common factor of v and 69.
23
Suppose 5*z - 4*w = 10, -5*z + 10 = -0*z + 5*w. Calculate the highest common factor of 2 and z.
2
Suppose -q = 5, -137 = -2*i + q - 6*q. What is the highest common divisor of 9 and i?
9
Suppose w = -5*z + 35, 3*z = w + 6*z - 27. Calculate the greatest common factor of 150 and w.
15
Suppose 3*j - 7 = 17. Let g = -1 + 9. Calculate the greatest common factor of g and j.
8
Let g(v) = -16*v**3 - v**2 + v + 1. Let l be (-4)/8 - (-2)/(-4). Let c be g(l). What is the greatest common factor of c and 135?
15
Suppose 0 = -b, -10 = -0*l - 2*l - 2*b. Suppose -9 = -l*h + 6. Calculate the greatest common divisor of h and 12.
3
Let z(i) = -i**2 - 11. Let l be z(0). Let p = 14 + l. Calculate the highest common divisor of p and 3.
3
Let f be (0 - -15) + (3 - 1). What is the highest common factor of f and 119?
17
Suppose 3*p - s = 2*p - 2, 4*p - s + 8 = 0. Let j = p + 10. What is the highest common divisor of j and 4?
4
Suppose -1 = -3*y + 2. Let b(t) = -3*t + 0*t - y + 0*t. Let h be b(-1). Calculate the greatest common divisor of 18 and h.
2
Let a(r) = r**3 - 11*r**2 + 11*r + 22. Let l be a(10). Calculate the highest common factor of l and 8.
8
Suppose 2*a - 8*a + 1716 = 0. What is the highest common factor of 26 and a?
26
Suppose -2*q - 483 = -t, 0 = -5*q + 3*q + 10. Let x = -196 + t. Let i = x + -193. Calculate the greatest common factor of i and 13.
13
Let g = 25 - -20. Let p be ((-2)/(-2))/((-1)/(-5)). Suppose -120 = x - p*x. Calculate the greatest common factor of g and x.
15
Suppose 4*v = -18 - 42. Let d(z) = 2*z**2 + 21*z + 8. Let k be d(v). What is the highest common factor of 13 and k?
13
Suppose -13*k + 29 + 62 = 0. Let p(t) = -1 - 3*t**2 + 2*t**2 + 8 + 9*t. Let y be p(7). Calculate the greatest common divisor of y and k.
7
Suppose -5*b - 2 = -5*t + 8, -4*t + 5 = -5*b. Suppose 80 = -b*n + 8*n. What is the greatest common divisor of n and 112?
16
Suppose -5 = -c - 0*c. Let g = -2 + c. Let k(b) = -b**2 + 12*b - 2. Let o be k(11). What is the greatest common divisor of o and g?
3
Let l be (-1444)/(-24) - (-2)/(-12). Calculate the greatest common divisor of 420 and l.
60
Let o(r) = -3*r**3 - 4*r**2 - r + 1. Let t be o(-3). Suppose 0*d = -d - t. Let c = d + 159. Calculate the highest common factor of c and 10.
10
Let u(j) = j**3 + 3*j**2 + j + 9. Let h be u(0). Let i = -291 + 180. Let a = 183 + i. What is the greatest common factor of a and h?
9
Suppose -38 = -3*y + 214. What is the greatest common divisor of y and 12?
12
Let s be ((-64)/(-6))/((-2)/(-30)). Suppose 67 = -g + 87. Calculate the greatest common divisor of g and s.
20
Let g be (-5)/((-15)/12) + -2. Suppose -98 = g*l - 20. Let x be 2/3 - l/9. Calculate the greatest common divisor of 1 and x.
1
Let s(m) = 214*m**2 + 3*m - 2. Let v be s(1). What is the highest common factor of 43 and v?
43
Let f be 1 - 0*(-3)/(-9). Let w be 1/(f/9*3). Suppose -12 = w*x, -o - 4*x = -x - 18. What is the greatest common divisor of 6 and o?
6
Let p = 20 + -15. What is the highest common divisor of 15 and p?
5
Suppose 2*z = 5*g + 14, 2*g = -g + 5*z - 16. Let w = g - -1. Let n be (-3)/w*-1 + 17. What is the highest common factor of 35 and n?
7
Let m(u) = u**3 + 3*u - 28. Let w be m(3). Suppose 0 = -5*h + 2*h + 6. Let s be 84/h + (-2)/1. Calculate the highest common factor of s and w.
8
Let l = 55 - -3. Calculate the highest common factor of l and 145.
29
Let r(o) = 175*o**3 + 2*o**2 - 2*o + 1. Let y be r(1). Calculate the highest common divisor of 22 and y.
22
Let q(s) be the second derivative of -s**5/20 - 5*s**4/6 - s**3/2 - s**2 + 4*s. Let a be q(-10). What is the greatest common divisor of a and 7?
7
Suppose -14*a + 17*a = 264. Calculate the highest common divisor of 22 and a.
22
Let l be 8/28 - 334/(-7). Suppose -y = 3*y - l. Let v be 4/(-14) - 23/(-7). What is the greatest common factor of v and y?
3
Let o(k) = -k**2 + 20*k + 4. Let g be o(18). What is the highest common factor of 8 and g?
8
Let w = 99 + -61. What is the greatest common divisor of 76 and w?
38
Suppose -q + 13 + 15 = 0. What is the greatest common factor of q and 84?
28
Let p(i) = i**2 - i - 5. Let u be p(4). Suppose -5*c + 50 = -h + 2*h, 2*h = 4*c + 58. Suppose b - 14 - h = 0. What is the highest common divisor of b and u?
7
Let z be 55*(2 - 1)*1. Calculate the greatest common factor of 5 and z.
5
Suppose -4*s - 27 = -3*a, -2*s + 28 = 5*a - 3*s. What is the highest common divisor of a and 75?
5
Let m = 13 + -8. Suppose -m*w = 9 - 134. What is the highest common divisor of 5 and w?
5
Let d(l) = l**2 + 2*l - 5. Let r = -4 + -3. Let c be d(r). Calculate the highest common factor of c and 3.
3
Let y = 3 - 0. Let w(a) = -a**2 + 6*a - 4. Let u be w(5). Suppose -1 = 3*f - l + 1, 4*f = l - u. Calculate the greatest common divisor of f and y.
1
Let t = 1 - -2. Suppose -h = t + 6. Let z = -7 - h. Calculate the highest common factor of z and 10.
2
Let r(v) = 3*v**2 - 40*v + 19. Let t be r(13). Calculate the highest common divisor of t and 42.
6
Suppose -v = -4 + 1. Suppose 0 = 2*j + j + v. Let q = 6 + j. What is the greatest common divisor of q and 40?
5
Suppose -5*s = -16 - 9. Suppose 4*g - 2*i - 2 = 20, -s*i = -25. Calculate the highest common divisor of 8 and g.
8
Let o = -43 + 49. Suppose 2*i + 5*q - 11 = 0, 0*i - 4*q = 2*i - 10. Calculate the highest common factor of o and i.
3
Let f = -11 + 60. Let t = f + -19. What is the highest common factor of 12 and t?
6
Let f be 384/4 + (1 - -2). What is the greatest common factor of 33 and f?
33
Let j = 53 - 35. What is the highest common divisor of 72 and j?
18
Let a(q) = -q**3 + 2*q**2 + 2*q + 3. Let t be a(3). Suppose w + t - 2 = 0. Let j = -18 - -36. Calculate the greatest common divisor of w and j.
2
Suppose 5*u - 2*f = 3*f + 115, 3*f + 47 = 2*u. Calculate the greatest common divisor of 55 and u.
11
Let n(w) = w**2 + 13*w - 6. Let m be n(5). What is the highest common divisor of 56 and m?
28
Let h be 6*1 + (-39 - -105). Let v be -20*(-2 + 8/5). Calculate the greatest common factor of h and v.
8
Suppose 5*j + 43 = 4*y, -5*y + 24 = j - 37. What is the highest common divisor of y and 12?
12
Suppose f + f - 4 = 0. Let k be 3 + -2 + 1 - 1. What is the highest common factor of f and k?
1
Let m = 322 + -147. Let b(d) = -4*d**3 - d**2 + d - 1. Let k be b(-2). What is the greatest common divisor of k and m?
25
Let z = -131 + 81. Let x be ((-420)/z)/((-1)/(-30)). What is the greatest common factor of x and 28?
28
Suppose -2*g + 10 = 3*g. Let n(f) = -2*f**2 + 16*f - 25. Let k be n(5). Calculate the highest common divisor of k and g.
1
Suppose -v + 3 + 5 = 4*n, n = 2. Suppose 5*d - 280 = -v*d. Let w be ((-3)/2)/((-24)/128). Calculate the greatest common divisor of w and d.
8
Let a be (2 - (-14)/4)*30. Suppose 0 = o + 2*o - a. What is the greatest common divisor of o and 22?
11
Let n(o) = 3*o**2 - 9*o + 1. Let k be 6 + (-3 + 1 - -2). Let y be n(k). Calculate the highest common factor of 5 and y.
5
Suppose -30 = -14*p - p. What is the greatest common factor of p and 9?
1
Suppose -z - 12 = 3*z. Let w(v) = -2*v + 4. Let k be w(z). Let y be (950/133)/((-1)/(-7)). What is the greatest common divisor of k and y?
10
Let n be -2*(7/(-2) - (-3)/(-6)). Let u = -13 - -21. What is the greates